{"id":359,"date":"2023-09-19T09:09:21","date_gmt":"2023-09-19T12:09:21","guid":{"rendered":"https:\/\/normalseguros.com.br\/?page_id=359"},"modified":"2025-03-30T20:14:34","modified_gmt":"2025-03-30T23:14:34","slug":"por-que-a-normal-seguros","status":"publish","type":"page","link":"https:\/\/normalseguros.com.br\/index.php\/por-que-a-normal-seguros\/","title":{"rendered":"Por que a Normal Seguros?"},"content":{"rendered":"\t\t<div data-elementor-type=\"wp-page\" data-elementor-id=\"359\" class=\"elementor elementor-359\">\n\t\t\t\t\t\t<section class=\"elementor-section elementor-top-section elementor-element elementor-element-5458fa68 elementor-section-height-min-height elementor-section-full_width elementor-section-height-default elementor-section-items-middle exad-glass-effect-no exad-sticky-section-no\" data-id=\"5458fa68\" data-element_type=\"section\" id=\"inicio\" data-settings=\"{&quot;background_background&quot;:&quot;gradient&quot;,&quot;shape_divider_bottom&quot;:&quot;waves&quot;}\">\n\t\t\t\t\t\t\t<div class=\"elementor-background-overlay\"><\/div>\n\t\t\t\t\t\t<div class=\"elementor-shape elementor-shape-bottom\" data-negative=\"false\">\n\t\t\t<svg xmlns=\"http:\/\/www.w3.org\/2000\/svg\" viewBox=\"0 0 1000 100\" preserveAspectRatio=\"none\">\n\t<path class=\"elementor-shape-fill\" d=\"M421.9,6.5c22.6-2.5,51.5,0.4,75.5,5.3c23.6,4.9,70.9,23.5,100.5,35.7c75.8,32.2,133.7,44.5,192.6,49.7\n\tc23.6,2.1,48.7,3.5,103.4-2.5c54.7-6,106.2-25.6,106.2-25.6V0H0v30.3c0,0,72,32.6,158.4,30.5c39.2-0.7,92.8-6.7,134-22.4\n\tc21.2-8.1,52.2-18.2,79.7-24.2C399.3,7.9,411.6,7.5,421.9,6.5z\"\/>\n<\/svg>\t\t<\/div>\n\t\t\t\t\t<div class=\"elementor-container elementor-column-gap-default\">\n\t\t\t\t\t<div class=\"elementor-column elementor-col-100 elementor-top-column elementor-element elementor-element-23b9190c exad-glass-effect-no exad-sticky-section-no\" data-id=\"23b9190c\" data-element_type=\"column\">\n\t\t\t<div class=\"elementor-widget-wrap elementor-element-populated\">\n\t\t\t\t\t\t<div class=\"elementor-element elementor-element-389fc37a exad-sticky-section-no exad-glass-effect-no elementor-widget elementor-widget-heading\" data-id=\"389fc37a\" data-element_type=\"widget\" data-widget_type=\"heading.default\">\n\t\t\t\t<div class=\"elementor-widget-container\">\n\t\t\t\t\t<h1 class=\"elementor-heading-title elementor-size-default\">Por que a Normal Seguros?<\/h1>\t\t\t\t<\/div>\n\t\t\t\t<\/div>\n\t\t\t\t\t<\/div>\n\t\t<\/div>\n\t\t\t\t\t<\/div>\n\t\t<\/section>\n\t\t\t\t<section class=\"elementor-section elementor-top-section elementor-element elementor-element-8627dad elementor-section-boxed elementor-section-height-default elementor-section-height-default exad-glass-effect-no exad-sticky-section-no\" data-id=\"8627dad\" data-element_type=\"section\">\n\t\t\t\t\t\t<div class=\"elementor-container elementor-column-gap-default\">\n\t\t\t\t\t<div class=\"elementor-column elementor-col-100 elementor-top-column elementor-element elementor-element-19a023bb exad-glass-effect-no exad-sticky-section-no\" data-id=\"19a023bb\" data-element_type=\"column\">\n\t\t\t<div class=\"elementor-widget-wrap elementor-element-populated\">\n\t\t\t\t\t\t<div class=\"elementor-element elementor-element-f7ca2d0 exad-sticky-section-no exad-glass-effect-no elementor-widget elementor-widget-menu-anchor\" data-id=\"f7ca2d0\" data-element_type=\"widget\" data-widget_type=\"menu-anchor.default\">\n\t\t\t\t<div class=\"elementor-widget-container\">\n\t\t\t\t\t\t\t<div class=\"elementor-menu-anchor\" id=\"about\"><\/div>\n\t\t\t\t\t\t<\/div>\n\t\t\t\t<\/div>\n\t\t\t\t\t<\/div>\n\t\t<\/div>\n\t\t\t\t\t<\/div>\n\t\t<\/section>\n\t\t\t\t<section class=\"elementor-section elementor-top-section elementor-element elementor-element-78281e8 elementor-section-content-middle elementor-section-boxed elementor-section-height-default elementor-section-height-default exad-glass-effect-no exad-sticky-section-no\" data-id=\"78281e8\" data-element_type=\"section\">\n\t\t\t\t\t\t<div class=\"elementor-container elementor-column-gap-default\">\n\t\t\t\t\t<div class=\"elementor-column elementor-col-100 elementor-top-column elementor-element elementor-element-1f1650c exad-glass-effect-no exad-sticky-section-no elementor-invisible\" data-id=\"1f1650c\" data-element_type=\"column\" data-settings=\"{&quot;background_background&quot;:&quot;classic&quot;,&quot;animation&quot;:&quot;fadeInUp&quot;}\">\n\t\t\t<div class=\"elementor-widget-wrap elementor-element-populated\">\n\t\t\t\t\t\t<div class=\"elementor-element elementor-element-fb9fa74 exad-sticky-section-no exad-glass-effect-no elementor-widget elementor-widget-testimonial\" data-id=\"fb9fa74\" data-element_type=\"widget\" data-widget_type=\"testimonial.default\">\n\t\t\t\t<div class=\"elementor-widget-container\">\n\t\t\t\t\t\t\t<div class=\"elementor-testimonial-wrapper\">\n\t\t\t\t\t\t\t<div class=\"elementor-testimonial-content\">Dedico a apresenta\u00e7\u00e3o da Normal Seguros \u00e0 todos aqueles que pude em algum dia, em alguma hora, em algum minuto ou at\u00e9 mesmo num segundo, transmitir alegria, momentos de FELICIDADE.<\/div>\n\t\t\t\n\t\t\t\t\t<\/div>\n\t\t\t\t\t\t<\/div>\n\t\t\t\t<\/div>\n\t\t\t\t<div class=\"elementor-element elementor-element-8ccfc3d exad-sticky-section-no exad-glass-effect-no elementor-widget elementor-widget-testimonial\" data-id=\"8ccfc3d\" data-element_type=\"widget\" data-widget_type=\"testimonial.default\">\n\t\t\t\t<div class=\"elementor-widget-container\">\n\t\t\t\t\t\t\t<div class=\"elementor-testimonial-wrapper\">\n\t\t\t\t\t\t\t<div class=\"elementor-testimonial-content\">N\u00f3s meros mortais sonhadores nos perguntamos e tentamos entender qual seria a vida que vale a pena ser vivida. Fil\u00f3sofos, m\u00fasicos, poetas, artistas em geral, todos buscam essa grande resposta!<\/div>\n\t\t\t\n\t\t\t\t\t<\/div>\n\t\t\t\t\t\t<\/div>\n\t\t\t\t<\/div>\n\t\t\t\t<div class=\"elementor-element elementor-element-8dc6f7a exad-sticky-section-no exad-glass-effect-no elementor-widget elementor-widget-testimonial\" data-id=\"8dc6f7a\" data-element_type=\"widget\" data-widget_type=\"testimonial.default\">\n\t\t\t\t<div class=\"elementor-widget-container\">\n\t\t\t\t\t\t\t<div class=\"elementor-testimonial-wrapper\">\n\t\t\t\t\t\t\t<div class=\"elementor-testimonial-content\">Meu in\u00edcio no mercado de trabalho foi aos 15 anos, como jovem aprendiz, e l\u00e1 fiquei por outros 2. Percorri o mercado securit\u00e1rio, atuei neste por 4 anos enquanto cursava Ci\u00eancias Econ\u00f4micas e dali fui para o mercado financeiro, experi\u00eancia que me proporcionou importante conhecimento para fortalecer meu desejo de empreender. Foram 6 anos numa grande mesa de opera\u00e7\u00f5es, atendendo clientes institucionais.<\/div>\n\t\t\t\n\t\t\t\t\t<\/div>\n\t\t\t\t\t\t<\/div>\n\t\t\t\t<\/div>\n\t\t\t\t<div class=\"elementor-element elementor-element-90e3035 exad-sticky-section-no exad-glass-effect-no elementor-widget elementor-widget-testimonial\" data-id=\"90e3035\" data-element_type=\"widget\" data-widget_type=\"testimonial.default\">\n\t\t\t\t<div class=\"elementor-widget-container\">\n\t\t\t\t\t\t\t<div class=\"elementor-testimonial-wrapper\">\n\t\t\t\t\t\t\t<div class=\"elementor-testimonial-content\">Minha trajet\u00f3ria at\u00e9 hoje \u00e9 composta por uma busca incessante do \"SABER\", do \"SER\" e por isso tenho condi\u00e7\u00f5es de estar aqui, escrevendo&nbsp;esta&nbsp;carta... A Normal Seguros \u00e9 a \u00cdtaca de Ulisses, \u00e9 o nosso lugar, \u00e9 excel\u00eancia! \u00c9 dedica\u00e7\u00e3o e amor ao pr\u00f3ximo! \u00c9 motivo de alegria. \u00c9 a grande resposta! \u00c9 Normal!<\/div>\n\t\t\t\n\t\t\t\t\t\t<div class=\"elementor-testimonial-meta elementor-has-image elementor-testimonial-image-position-aside\">\n\t\t\t\t<div class=\"elementor-testimonial-meta-inner\">\n\t\t\t\t\t\t\t\t\t\t\t<div class=\"elementor-testimonial-image\">\n\t\t\t\t\t\t\t<a href=\"https:\/\/www.linkedin.com\/in\/jonathan-santos-5806065a\/\" target=\"_blank\"><img fetchpriority=\"high\" decoding=\"async\" width=\"936\" height=\"936\" src=\"https:\/\/normalseguros.com.br\/wp-content\/uploads\/2023\/09\/Memphis-Playful-Digital-Influencer-Profile-Promotion-Instagram-and-Tik-Tok-End-Frame-Post-para-Instagram-Quadrado-7.png\" class=\"attachment-full size-full wp-image-365\" alt=\"\" srcset=\"https:\/\/normalseguros.com.br\/wp-content\/uploads\/2023\/09\/Memphis-Playful-Digital-Influencer-Profile-Promotion-Instagram-and-Tik-Tok-End-Frame-Post-para-Instagram-Quadrado-7.png 936w, https:\/\/normalseguros.com.br\/wp-content\/uploads\/2023\/09\/Memphis-Playful-Digital-Influencer-Profile-Promotion-Instagram-and-Tik-Tok-End-Frame-Post-para-Instagram-Quadrado-7-300x300.png 300w, https:\/\/normalseguros.com.br\/wp-content\/uploads\/2023\/09\/Memphis-Playful-Digital-Influencer-Profile-Promotion-Instagram-and-Tik-Tok-End-Frame-Post-para-Instagram-Quadrado-7-100x100.png 100w, https:\/\/normalseguros.com.br\/wp-content\/uploads\/2023\/09\/Memphis-Playful-Digital-Influencer-Profile-Promotion-Instagram-and-Tik-Tok-End-Frame-Post-para-Instagram-Quadrado-7-600x600.png 600w, https:\/\/normalseguros.com.br\/wp-content\/uploads\/2023\/09\/Memphis-Playful-Digital-Influencer-Profile-Promotion-Instagram-and-Tik-Tok-End-Frame-Post-para-Instagram-Quadrado-7-150x150.png 150w, https:\/\/normalseguros.com.br\/wp-content\/uploads\/2023\/09\/Memphis-Playful-Digital-Influencer-Profile-Promotion-Instagram-and-Tik-Tok-End-Frame-Post-para-Instagram-Quadrado-7-768x768.png 768w, https:\/\/normalseguros.com.br\/wp-content\/uploads\/2023\/09\/Memphis-Playful-Digital-Influencer-Profile-Promotion-Instagram-and-Tik-Tok-End-Frame-Post-para-Instagram-Quadrado-7-230x230.png 230w, https:\/\/normalseguros.com.br\/wp-content\/uploads\/2023\/09\/Memphis-Playful-Digital-Influencer-Profile-Promotion-Instagram-and-Tik-Tok-End-Frame-Post-para-Instagram-Quadrado-7-400x400.png 400w, https:\/\/normalseguros.com.br\/wp-content\/uploads\/2023\/09\/Memphis-Playful-Digital-Influencer-Profile-Promotion-Instagram-and-Tik-Tok-End-Frame-Post-para-Instagram-Quadrado-7-640x640.png 640w\" sizes=\"(max-width: 936px) 100vw, 936px\" \/><\/a>\t\t\t\t\t\t<\/div>\n\t\t\t\t\t\n\t\t\t\t\t\t\t\t\t\t<div class=\"elementor-testimonial-details\">\n\t\t\t\t\t\t\t\t\t\t\t\t\t\t<a class=\"elementor-testimonial-name\" href=\"https:\/\/www.linkedin.com\/in\/jonathan-santos-5806065a\/\" target=\"_blank\">Jonathan Santos<\/a>\n\t\t\t\t\t\t\t\t\t\t\t\t\t\t\t\t\t\t\t\t\t\t<a class=\"elementor-testimonial-job\" href=\"https:\/\/www.linkedin.com\/in\/jonathan-santos-5806065a\/\" target=\"_blank\">Fundador da Normal Seguros<\/a>\n\t\t\t\t\t\t\t\t\t\t\t\t\t<\/div>\n\t\t\t\t\t\t\t\t\t<\/div>\n\t\t\t<\/div>\n\t\t\t\t\t<\/div>\n\t\t\t\t\t\t<\/div>\n\t\t\t\t<\/div>\n\t\t\t\t\t<\/div>\n\t\t<\/div>\n\t\t\t\t\t<\/div>\n\t\t<\/section>\n\t\t\t\t<\/div>\n\t\t","protected":false},"excerpt":{"rendered":"<p>Por que a Normal Seguros? Dedico a apresenta\u00e7\u00e3o da Normal Seguros \u00e0 todos aqueles que pude em algum dia, em alguma hora, em algum minuto ou at\u00e9 mesmo num segundo, transmitir alegria, momentos de FELICIDADE. N\u00f3s meros mortais sonhadores nos perguntamos e tentamos entender qual seria a vida que vale a pena ser vivida. Fil\u00f3sofos, [&hellip;]<\/p>\n","protected":false},"author":1,"featured_media":0,"parent":0,"menu_order":0,"comment_status":"closed","ping_status":"closed","template":"elementor_header_footer","meta":{"_joinchat":[],"footnotes":""},"class_list":["post-359","page","type-page","status-publish","hentry"],"_links":{"self":[{"href":"https:\/\/normalseguros.com.br\/index.php\/wp-json\/wp\/v2\/pages\/359","targetHints":{"allow":["GET"]}}],"collection":[{"href":"https:\/\/normalseguros.com.br\/index.php\/wp-json\/wp\/v2\/pages"}],"about":[{"href":"https:\/\/normalseguros.com.br\/index.php\/wp-json\/wp\/v2\/types\/page"}],"author":[{"embeddable":true,"href":"https:\/\/normalseguros.com.br\/index.php\/wp-json\/wp\/v2\/users\/1"}],"replies":[{"embeddable":true,"href":"https:\/\/normalseguros.com.br\/index.php\/wp-json\/wp\/v2\/comments?post=359"}],"version-history":[{"count":55,"href":"https:\/\/normalseguros.com.br\/index.php\/wp-json\/wp\/v2\/pages\/359\/revisions"}],"predecessor-version":[{"id":1212,"href":"https:\/\/normalseguros.com.br\/index.php\/wp-json\/wp\/v2\/pages\/359\/revisions\/1212"}],"wp:attachment":[{"href":"https:\/\/normalseguros.com.br\/index.php\/wp-json\/wp\/v2\/media?parent=359"}],"curies":[{"name":"wp","href":"https:\/\/api.w.org\/{rel}","templated":true}]}}